890208.
2, 527819
What are the prime factors of 3454419?
3, 1151473
What are the prime factors of 745050?
2, 3, 5, 4967
What are the prime factors of 1134361?
79, 83, 173
What are the prime factors of 823129?
823129
List the prime factors of 52393.
11, 433
List the prime factors of 1972580.
2, 5, 19, 29, 179
What are the prime factors of 198228?
2, 3, 16519
List the prime factors of 21237085.
5, 4247417
List the prime factors of 233136.
2, 3, 1619
What are the prime factors of 25502316?
2, 3, 7, 233, 1303
List the prime factors of 11569154.
2, 5784577
What are the prime factors of 245338?
2, 241, 509
List the prime factors of 237478.
2, 118739
What are the prime factors of 14516590?
2, 5, 11, 131969
What are the prime factors of 5102060?
2, 5, 71, 3593
List the prime factors of 2314698.
2, 3, 385783
What are the prime factors of 14419?
14419
List the prime factors of 13885938.
2, 3, 11, 97, 241
What are the prime factors of 11033061?
3, 13, 79, 3581
List the prime factors of 155574.
2, 3, 43, 67
List the prime factors of 189633.
3, 63211
List the prime factors of 440790.
2, 3, 5, 7, 2099
What are the prime factors of 14165576?
2, 43, 41179
List the prime factors of 1309097.
37, 35381
What are the prime factors of 255519?
3, 11, 29, 89
List the prime factors of 1214053.
31, 39163
List the prime factors of 12816614.
2, 239, 26813
List the prime factors of 390903.
3, 229, 569
What are the prime factors of 14809?
59, 251
What are the prime factors of 7851636?
2, 3, 13, 19, 883
What are the prime factors of 4291360?
2, 5, 26821
List the prime factors of 3064462.
2, 1532231
What are the prime factors of 2941157?
43, 68399
List the prime factors of 545593.
107, 5099
What are the prime factors of 260094?
2, 3, 67, 647
What are the prime factors of 2309952?
2, 3, 53, 227
What are the prime factors of 3924488?
2, 19, 25819
What are the prime factors of 16529026?
2, 8264513
List the prime factors of 184654.
2, 17, 5431
What are the prime factors of 2421290?
2, 5, 242129
What are the prime factors of 1617937?
337, 4801
What are the prime factors of 86371?
86371
List the prime factors of 526587.
3, 191, 919
What are the prime factors of 4366845?
3, 5, 7, 4621
What are the prime factors of 39774?
2, 3, 7, 947
List the prime factors of 2110050.
2, 3, 5, 521
What are the prime factors of 912194?
2, 61, 7477
List the prime factors of 4922552.
2, 23, 31, 863
What are the prime factors of 25368375?
3, 5, 61, 1109
What are the prime factors of 56142?
2, 3, 3119
What are the prime factors of 124651?
31, 4021
What are the prime factors of 258077?
17, 19, 47
List the prime factors of 17969814.
2, 3, 79, 12637
List the prime factors of 68067.
3, 2521
What are the prime factors of 998626?
2, 53, 9421
What are the prime factors of 1069404?
2, 3, 7, 29, 439
List the prime factors of 4701168.
2, 3, 32647
What are the prime factors of 2202446?
2, 853, 1291
What are the prime factors of 36706?
2, 18353
List the prime factors of 369218.
2, 184609
List the prime factors of 2366141.
2366141
What are the prime factors of 491220?
2, 3, 5, 2729
What are the prime factors of 348629?
348629
What are the prime factors of 18004931?
7, 2572133
What are the prime factors of 489198?
2, 3, 81533
List the prime factors of 1945382.
2, 733, 1327
List the prime factors of 190353.
3, 107, 593
List the prime factors of 275234.
2, 19, 7243
List the prime factors of 4363365.
3, 5, 461, 631
What are the prime factors of 165411?
3, 18379
What are the prime factors of 1769714?
2, 884857
List the prime factors of 530805.
3, 5, 11, 3217
List the prime factors of 339594.
2, 3, 56599
What are the prime factors of 117352?
2, 14669
What are the prime factors of 676946?
2, 338473
What are the prime factors of 126542?
2, 13, 31, 157
What are the prime factors of 1421351?
1421351
What are the prime factors of 31231816?
2, 7, 11, 7243
List the prime factors of 482519.
482519
List the prime factors of 5024389.
5024389
List the prime factors of 1212594.
2, 3, 202099
List the prime factors of 287567.
7, 41081
What are the prime factors of 986792?
2, 23, 31, 173
List the prime factors of 19877531.
97, 204923
What are the prime factors of 16555628?
2, 137, 30211
What are the prime factors of 19664914?
2, 2699, 3643
List the prime factors of 377885.
5, 75577
What are the prime factors of 976453?
976453
List the prime factors of 624413.
167, 3739
List the prime factors of 1411523.
31, 45533
List the prime factors of 1115149.
7, 17, 9371
List the prime factors of 467656.
2, 7, 1193
List the prime factors of 573731.
523, 1097
What are the prime factors of 978558?
2, 3, 7, 23, 1013
List the prime factors of 65852.
2, 101, 163
What are the prime factors of 2438950?
2, 5, 48779
What are the prime factors of 2424794?
2, 1212397
What are the prime factors of 264901?
7, 13, 41, 71
What are the prime factors of 2577590?
2, 5, 383, 673
List the prime factors of 11172960.
2, 3, 5, 7759
List the prime factors of 668361.
3, 222787
What are the prime factors of 1110642?
2, 3, 13, 29, 491
What are the prime factors of 35245?
5, 7, 19, 53
List the prime factors of 337685.
5, 67537
What are the prime factors of 773462?
2, 386731
List the prime factors of 171235.
5, 23, 1489
List the prime factors of 132610.
2, 5, 89, 149
What are the prime factors of 362310?
2, 3, 5, 13, 929
List the prime factors of 2348205.
3, 5, 37, 4231
List the prime factors of 1502718.
2, 3, 7, 37, 967
List the prime factors of 84290.
2, 5, 8429
List the prime factors of 160366.
2, 181, 443
What are the prime factors of 6059268?
2, 3, 37, 4549
List the prime factors of 2831702.
2, 1415851
What are the prime factors of 209204?
2, 52301
List the prime factors of 16663629.
3, 71, 78233
What are the prime factors of 413877?
3, 19, 53, 137
List the prime factors of 428522.
2, 167, 1283
What are the prime factors of 188504?
2, 23563
List the prime factors of 179542.
2, 11, 8161
What are the prime factors of 32206174?
2, 7, 11, 13, 16087
What are the prime factors of 7980702?
2, 3, 31, 107, 401
List the prime factors of 2090428.
2, 73, 7159
What are the prime factors of 11224471?
17, 38839
What are the prime factors of 169081?
11, 19, 809
What are the prime factors of 2627542?
2, 1313771
List the prime factors of 3579355.
5, 13, 53, 1039
List the prime factors of 2959115.
5, 409, 1447
What are the prime factors of 7043796?
2, 3, 23, 47, 181
List the prime factors of 274645.
5, 7, 19, 59
What are the prime factors of 4472618?
2, 31, 72139
What are the prime factors of 496326?
2, 3, 82721
What are the prime factors of 1830619?
7, 103, 2539
What are the prime factors of 14163781?
14163781
What are the prime factors of 824183?
824183
List the prime factors of 1513848.
2, 3, 7, 9011
What are the prime factors of 1060289?
59, 17971
What are the prime factors of 6407562?
2, 3, 7, 41, 61
List the prime factors of 35351.
23, 29, 53
What are the prime factors of 17050382?
2, 8525191
What are the prime factors of 8178806?
2, 569, 7187
List the prime factors of 56662.
2, 41, 691
List the prime factors of 300006.
2, 3, 7, 2381
What are the prime factors of 316471?
316471
What are the prime factors of 447705?
3, 5, 9949
What are the prime factors of 99018?
2, 3, 5501
What are the prime factors of 19209565?
5, 3841913
What are the prime factors of 16596977?
1319, 12583
What are the prime factors of 291347?
7, 41621
What are the prime factors of 1419351?
3, 473117
What are the prime factors of 723119?
723119
What are the prime factors of 1337175?
3, 5, 7, 283
What are the prime factors of 1785991?
163, 10957
List the prime factors of 310141.
13, 23857
What are the prime factors of 4194629?
151, 27779
List the prime factors of 206030.
2, 5, 11, 1873
List the prime factors of 327970.
2, 5, 32797
List the prime factors of 500262.
2, 3, 7, 43, 277
What are the prime factors of 150137?
13, 11549
List the prime factors of 1828461.
3, 609487
List the prime factors of 2892594.
2, 3, 482099
What are the prime factors of 3669134?
2, 7, 137, 1913
List the prime factors of 912026.
2, 456013
What are the prime factors of 1924592?
2, 37, 3251
List the prime factors of 254270.
2, 5, 47, 541
What are the prime factors of 1101518?
2, 11, 50069
What are the prime factors of 2595?
3, 5, 173
Lis